 of 94876476?
8
What is the ten thousands digit of 860723934?
2
What is the thousands digit of 76315022?
5
What is the units digit of 1857741159?
9
What is the hundred thousands digit of 80834792?
8
What is the thousands digit of 104811992?
1
What is the tens digit of 100124946?
4
What is the millions digit of 751162872?
1
What is the hundred thousands digit of 235579385?
5
What is the tens digit of 32485095?
9
What is the units digit of 84931692?
2
What is the billions digit of 1065651103?
1
What is the tens digit of 78984439?
3
What is the thousands digit of 409245381?
5
What is the units digit of 26892699?
9
What is the tens digit of 2040193952?
5
What is the hundred thousands digit of 1206927775?
9
What is the hundred millions digit of 180744631?
1
What is the ten thousands digit of 1328519074?
1
What is the millions digit of 7718753430?
8
What is the ten millions digit of 106072324?
0
What is the hundreds digit of 147951100?
1
What is the ten millions digit of 78296159?
7
What is the hundreds digit of 358961500?
5
What is the thousands digit of 26070367?
0
What is the ten millions digit of 63073554?
6
What is the tens digit of 6667212251?
5
What is the hundred millions digit of 152741393?
1
What is the ten millions digit of 498995653?
9
What is the millions digit of 400444816?
0
What is the hundreds digit of 163991074?
0
What is the thousands digit of 1436371236?
1
What is the hundreds digit of 13043382?
3
What is the ten thousands digit of 89586657?
8
What is the tens digit of 3577931438?
3
What is the hundreds digit of 1033850827?
8
What is the ten thousands digit of 2074398138?
9
What is the hundred thousands digit of 755778109?
7
What is the hundred thousands digit of 448851399?
8
What is the hundred thousands digit of 304880951?
8
What is the units digit of 110797057?
7
What is the billions digit of 3286735374?
3
What is the ten thousands digit of 200201093?
0
What is the millions digit of 2099965908?
9
What is the ten thousands digit of 736280950?
8
What is the millions digit of 649098637?
9
What is the hundred millions digit of 2201588082?
2
What is the hundred millions digit of 404193802?
4
What is the ten thousands digit of 141617897?
1
What is the tens digit of 3754310833?
3
What is the hundreds digit of 6768621439?
4
What is the units digit of 3323616371?
1
What is the units digit of 642085969?
9
What is the ten thousands digit of 474101184?
0
What is the thousands digit of 7203358241?
8
What is the hundred millions digit of 2549367921?
5
What is the thousands digit of 5157475922?
5
What is the thousands digit of 3238592306?
2
What is the units digit of 397194?
4
What is the millions digit of 195602310?
5
What is the millions digit of 178158252?
8
What is the hundred millions digit of 511375329?
5
What is the millions digit of 3028243091?
8
What is the ten thousands digit of 88015653?
1
What is the tens digit of 37334067?
6
What is the billions digit of 1642009742?
1
What is the millions digit of 60015183?
0
What is the hundred millions digit of 224260216?
2
What is the units digit of 568304287?
7
What is the hundred thousands digit of 21280770?
2
What is the hundred millions digit of 612693446?
6
What is the millions digit of 280605364?
0
What is the hundred thousands digit of 10615512?
6
What is the tens digit of 182782958?
5
What is the hundred thousands digit of 14347237?
3
What is the ten millions digit of 3356686751?
5
What is the thousands digit of 143631160?
1
What is the ten thousands digit of 351970801?
7
What is the thousands digit of 478088418?
8
What is the hundred thousands digit of 32508209?
5
What is the hundreds digit of 35732904?
9
What is the units digit of 2322504874?
4
What is the hundreds digit of 153437508?
5
What is the ten thousands digit of 1365402411?
0
What is the hundred thousands digit of 2638037140?
0
What is the units digit of 153240826?
6
What is the units digit of 1306808915?
5
What is the thousands digit of 757157393?
7
What is the units digit of 85136878?
8
What is the units digit of 46116535?
5
What is the hundred thousands digit of 167168539?
1
What is the tens digit of 112524871?
7
What is the ten millions digit of 3671930840?
7
What is the tens digit of 92895856?
5
What is the billions digit of 2213518227?
2
What is the thousands digit of 175127830?
7
What is the hundred millions digit of 1917581052?
9
What is the ten thousands digit of 96329210?
2
What is the thousands digit of 127260666?
0
What is the hundred thousands digit of 2002299809?
2
What is the hundred thousands digit of 34044232?
0
What is the tens digit of 44211088?
8
What is the thousands digit of 28178110?
8
What is the hundreds digit of 4686391053?
0
What is the hundred thousands digit of 580034124?
0
What is the units digit of 681382544?
4
What is the hundreds digit of 10134850?
8
What is the ten thousands digit of 137683708?
8
What is the units digit of 561522041?
1
What is the hundreds digit of 13714476?
4
What is the millions digit of 55446279?
5
What is the ten thousands digit of 21375413?
7
What is the millions digit of 34190509?
4
What is the millions digit of 111334935?
1
What is the thousands digit of 341901?
1
What is the hundred thousands digit of 92067465?
0
What is the ten thousands digit of 4402526577?
2
What is the ten millions digit of 146513002?
4
What is the units digit of 3234030307?
7
What is the millions digit of 196170372?
6
What is the hundred thousands digit of 387890240?
8
What is the tens digit of 2985476371?
7
What is the ten thousands digit of 7966166?
6
What is the hundred thousands digit of 1692390842?
3
What is the millions digit of 996775770?
6
What is the hundreds digit of 187231640?
6
What is the ten thousands digit of 8580629?
8
What is the ten thousands digit of 78810843?
1
What is the millions digit of 2466471384?
6
What is the units digit of 8841885?
5
What is the hundreds digit of 137733016?
0
What is the hundred millions digit of 674955738?
6
What is the hundreds digit of 4190549603?
6
What is the tens digit of 4721286?
8
What is the tens digit of 119178772?
7
What is the ten thousands digit of 76951941?
5
What is the ten millions digit of 267183101?
6
What is the hundred thousands digit of 1626402137?
4
What is the hundred millions digit of 1482422097?
4
What is the billions digit of 1597925715?
1
What is the hundreds digit of 2027614043?
0
What is the ten millions digit of 2717926553?
1
What is the hundreds digit of 2121954?
9
What is the thousands digit of 692245865?
5
What is the hundred thousands digit of 7912437?
9
What is the ten thousands digit of 205663561?
6
What is the hundred thousands digit of 143649404?
6
What is the units digit of 1081946629?
9
What is the tens digit of 296143758?
5
What is the billions digit of 6727284945?
6
What is the hundreds digit of 917504999?
9
What is the tens digit of 3176914765?
6
What is the ten millions digit of 87349383?
8
What is the units digit of 349267085?
5
What is the ten millions digit of 40641832?
4
What is the millions digit of 73182358?
3
What is the hundred thousands digit of 16657646?
6
What is the hundreds digit of 461471892?
8
What is the thousands digit of 2664327659?
7
What is the hundreds digit of 156959657?
6
What is the ten millions digit of 584955799?
8
What is the millions digit of 42655845?
2
What is the hundred thousands digit of 197144315?
1
What is the hundreds digit of 35179120?
1
What is the ten thousands digit of 614054788?
5
What is the units digit of 2114828852?
2
What is the units digit of 32098615?
5
What is the units digit of 8498244?
4
What is the units digit of 164678421?
1
What is the ten thousands digit of 395714816?
1
What is the units digit of 145097700?
0
What is the hundred thousands digit of 4768719079?
7
What is the hundreds digit of 29149348?
3
What is the ten millions digit of 14655656?
1
What is the ten thousands digit of 122410023?
1
What is the millions digit of 196203819?
6
What is the ten millions digit of 2118826891?
1
What is the millions digit of 1317755349?
7
What is the tens digit of 68796424?
2
What is the ten thousands digit of 172170326?
7
What is the ten thousands digit of 196034722?
3
What is the tens digit of 235311890?
9
What is the hundreds digit of 52748173?
1
What is the